3 and 45.
9
What is the highest common factor of 25 and 10475?
25
Calculate the highest common divisor of 52 and 4212.
52
What is the highest common divisor of 38640 and 168?
168
What is the highest common factor of 195 and 156?
39
Calculate the highest common factor of 3864 and 1680.
168
Calculate the greatest common factor of 32 and 14.
2
What is the greatest common factor of 308 and 18634?
154
Calculate the greatest common factor of 10 and 470.
10
Calculate the greatest common factor of 48 and 114.
6
Calculate the greatest common divisor of 62 and 1891.
31
Calculate the highest common factor of 560 and 28.
28
Calculate the highest common factor of 1312 and 4428.
164
Calculate the highest common divisor of 78 and 416.
26
What is the highest common factor of 48 and 12?
12
Calculate the highest common factor of 448 and 217.
7
Calculate the greatest common divisor of 121 and 10043.
121
What is the greatest common divisor of 1222 and 423?
47
What is the greatest common factor of 63 and 7?
7
What is the greatest common factor of 56 and 1834?
14
What is the greatest common divisor of 81 and 9?
9
What is the highest common factor of 12084 and 19?
19
Calculate the highest common factor of 621 and 216.
27
Calculate the greatest common divisor of 235 and 5.
5
Calculate the highest common divisor of 124 and 118420.
124
Calculate the greatest common factor of 10716 and 456.
228
What is the highest common divisor of 252 and 567?
63
Calculate the highest common factor of 15 and 30.
15
What is the greatest common factor of 43 and 344?
43
What is the greatest common divisor of 306 and 6?
6
What is the greatest common factor of 32 and 72?
8
Calculate the greatest common factor of 1975 and 25.
25
What is the greatest common factor of 57 and 1653?
57
What is the highest common divisor of 387 and 72?
9
Calculate the highest common factor of 17 and 9095.
17
Calculate the highest common factor of 11280 and 80.
80
What is the highest common factor of 44 and 242?
22
What is the highest common divisor of 39 and 52?
13
Calculate the greatest common divisor of 21 and 511.
7
What is the highest common factor of 290 and 6844?
58
Calculate the greatest common factor of 49 and 301.
7
What is the greatest common divisor of 102 and 578?
34
What is the highest common divisor of 58 and 14239?
29
Calculate the highest common divisor of 11 and 19921.
11
Calculate the greatest common factor of 955 and 5.
5
Calculate the highest common factor of 105 and 700.
35
Calculate the highest common factor of 1482 and 171.
57
Calculate the highest common factor of 330 and 11165.
55
Calculate the highest common factor of 59 and 6.
1
Calculate the highest common factor of 7317 and 108.
27
Calculate the highest common factor of 270 and 10.
10
What is the highest common divisor of 6394 and 184?
46
Calculate the greatest common factor of 4608 and 180.
36
What is the greatest common factor of 25 and 175?
25
Calculate the highest common factor of 180 and 3480.
60
Calculate the highest common factor of 8 and 7.
1
Calculate the highest common divisor of 54 and 189.
27
Calculate the greatest common divisor of 29 and 2929.
29
Calculate the highest common factor of 136 and 119.
17
Calculate the greatest common divisor of 39 and 2067.
39
Calculate the greatest common factor of 209 and 589.
19
Calculate the highest common divisor of 140 and 112.
28
What is the highest common divisor of 2 and 490?
2
What is the highest common divisor of 30 and 24?
6
Calculate the greatest common factor of 225 and 1200.
75
Calculate the greatest common divisor of 30 and 15.
15
What is the highest common divisor of 1200 and 18?
6
What is the greatest common divisor of 66 and 5577?
33
Calculate the greatest common divisor of 36 and 1500.
12
What is the greatest common factor of 375 and 45?
15
What is the highest common factor of 246 and 3362?
82
Calculate the highest common factor of 75 and 1175.
25
Calculate the greatest common factor of 247 and 13.
13
Calculate the greatest common divisor of 3346 and 4.
2
Calculate the greatest common divisor of 228 and 18.
6
What is the highest common divisor of 184 and 5198?
46
Calculate the greatest common divisor of 220 and 44.
44
What is the greatest common divisor of 712 and 3471?
89
Calculate the highest common factor of 84 and 28308.
84
Calculate the greatest common divisor of 156 and 708.
12
Calculate the greatest common factor of 81 and 405.
81
What is the highest common divisor of 715 and 55?
55
Calculate the highest common divisor of 95 and 1501.
19
What is the highest common divisor of 302 and 39562?
302
Calculate the greatest common factor of 24 and 312.
24
What is the highest common divisor of 82 and 2624?
82
What is the highest common factor of 4 and 1556?
4
Calculate the highest common divisor of 527 and 68.
17
Calculate the greatest common factor of 246 and 164.
82
What is the greatest common divisor of 30 and 4335?
15
What is the greatest common divisor of 2926 and 44?
22
Calculate the greatest common factor of 77 and 22.
11
What is the greatest common factor of 942 and 24?
6
Calculate the highest common factor of 33 and 110.
11
What is the highest common divisor of 152 and 1192?
8
What is the highest common factor of 925 and 148?
37
What is the greatest common divisor of 104 and 64?
8
Calculate the greatest common factor of 84624 and 43.
43
Calculate the highest common divisor of 165 and 132.
33
What is the greatest common divisor of 18 and 8?
2
Calculate the greatest common factor of 3720 and 60.
60
Calculate the greatest common factor of 248 and 41416.
248
What is the greatest common divisor of 495 and 90?
45
What is the highest common factor of 67 and 11323?
67
Calculate the highest common divisor of 153 and 306.
153
What is the greatest common divisor of 49 and 469?
7
Calculate the highest common divisor of 14 and 994.
14
What is the highest common divisor of 583 and 11?
11
Calculate the highest common factor of 85 and 1547.
17
Calculate the greatest common divisor of 26 and 416.
26
What is the greatest common divisor of 5488 and 16?
16
Calculate the highest common divisor of 2429 and 28.
7
Calculate the highest common divisor of 3625 and 500.
125
What is the greatest common divisor of 147 and 2247?
21
What is the highest common divisor of 58 and 2?
2
Calculate the greatest common divisor of 504 and 315.
63
Calculate the greatest common factor of 306 and 270.
18
What is the greatest common factor of 91605 and 31?
31
Calculate the highest common divisor of 352 and 110.
22
What is the highest common divisor of 6467 and 261?
29
Calculate the greatest common factor of 6 and 354.
6
Calculate the highest common divisor of 12 and 147.
3
What is the highest common factor of 29 and 5365?
29
Calculate the highest common factor of 190 and 551.
19
What is the highest common divisor of 111 and 2257?
37
What is the highest common divisor of 221 and 306?
17
What is the greatest common factor of 15125 and 250?
125
Calculate the greatest common factor of 1037 and 17.
17
What is the greatest common factor of 1679 and 23?
23
Calculate the greatest common factor of 6 and 393.
3
What is the greatest common divisor of 261 and 29?
29
Calculate the greatest common factor of 35 and 553.
7
What is the greatest common divisor of 121 and 913?
11
What is the greatest common factor of 6655 and 55?
55
What is the highest common divisor of 900 and 42?
6
What is the greatest common divisor of 210 and 450?
30
Calculate the highest common divisor of 34 and 7582.
34
What is the greatest common factor of 8 and 1114?
2
What is the greatest common divisor of 155 and 7595?
155
What is the highest common factor of 25 and 80?
5
What is the greatest common factor of 1160 and 160?
40
Calculate the highest common divisor of 2745 and 90.
45
What is the greatest common divisor of 1596 and 6132?
84
Calculate the highest common factor of 22 and 6721.
11
What is the greatest common divisor of 747 and 332?
83
What is the highest common divisor of 30 and 90?
30
Calculate the greatest common divisor of 504 and 18.
18
What is the highest common factor of 39 and 780?
39
What is the highest common factor of 2507 and 46?
23
Calculate the greatest common factor of 315 and 36.
9
Calculate the greatest common factor of